 + 6*c - s - 157 = 0. Let b = -19 + c. What is the tens digit of b?
2
Suppose 71*q = 686921 + 51408. What is the tens digit of q?
9
Let w(x) = -x**3 + 45*x**2 - 42*x + 769. What is the tens digit of w(40)?
8
Let w = 482 + -466. Let f(g) = 5*g**2 + 26*g + 35. Let s(y) = 3*y**2 + 13*y + 18. Let j(v) = -4*f(v) + 7*s(v). What is the units digit of j(w)?
4
Let o = 53582 - 37245. What is the thousands digit of o?
6
Let p = 100 + -96. Suppose -3*k = -k + n + 5, -n - 5 = p*k. Suppose k = 5*f - 712 - 63. What is the hundreds digit of f?
1
Suppose 106*r = -52*r + 4187948. What is the tens digit of r?
0
What is the ten thousands digit of 12*(-180576)/(-512)*(-2)/2*-8?
3
Suppose 0*h + 40 = 10*h. Let b be 252/h + 0/(-3). Suppose -5*j - 311 = -2*n, -n - b = -3*j - 219. What is the units digit of n?
3
Suppose -4372 + 11320 = 3*w - 5*a, -2320 = -w + 3*a. What is the thousands digit of w?
2
Let h = -11254 + 21519. What is the tens digit of h?
6
Suppose -2176 + 10456 = 18*m. What is the tens digit of m?
6
Suppose 1075 = -5*s - 500. Let b = -263 - s. What is the units digit of b?
2
What is the ten thousands digit of 13916 - (2 - 5 - 12)?
1
What is the ten thousands digit of 3/(-126)*(-84)/24 + (-821226)/(-72)?
1
Let a = 246 + 116. Suppose a*s = 361*s + 197. What is the units digit of s?
7
Suppose -35 + 47 = 2*j, -4*a + 59772 = 2*j. What is the thousands digit of a?
4
Let j = 158 - 158. What is the tens digit of (1 - j)/((-4)/(-488))?
2
What is the units digit of (-4)/(-3) + (-15 - (-652509)/81)?
2
Suppose 10*z - 7*z = 45. Suppose w + 4*b - z = 0, 2*b + 19 = 2*w - 31. What is the tens digit of w/(-2)*38/(-19)?
2
What is the tens digit of (-117 - 1597)*68/(-6)*(-9)/(-4)?
0
Let f(t) = 2*t - 1. Let z be f(-2). Let p(n) = -32*n - 36. Let r be p(z). Suppose -5*v + 3*c = -v - 263, 0 = 2*v - 4*c - r. What is the tens digit of v?
6
Suppose -3*v + 5*r - 23 = -0*r, -v - 4*r - 2 = 0. Let t(y) be the second derivative of -2*y**3 + 12*y**2 - 3*y. What is the units digit of t(v)?
6
Let r(s) = -s**3 - 16*s**2 + 3*s + 17. Let y be r(-16). Let b = 66 + y. Suppose 36*x - 18 = b*x. What is the tens digit of x?
1
Let c = 2212 + -2283. Suppose -5*s = -l - 38, -s + 11 - 253 = 5*l. Let p = l - c. What is the tens digit of p?
2
Let q(a) = 4*a**2 + 110*a. Let l = 174 - 206. What is the tens digit of q(l)?
7
Suppose 183*n - 188*n = 20, 4*a - 5*n = 35480. What is the tens digit of a?
6
Suppose -14*j = -13*j - 7734. What is the hundreds digit of j/12 + 6/(-4)?
6
Suppose i = 2 + 20. Suppose -2 = -2*y - i. What is the units digit of y/(-55) + -1 + 436/22?
9
Let o = -28 + -102. Let z be 12/42 - o/(-14). What is the units digit of 4/1 - 15/(z + 6)?
9
Let j(y) = 5880*y**2 + 72*y - 73. What is the units digit of j(1)?
9
Let o = 1111 + -719. Let y(k) = -k**3 + 2*k**2 - 6*k + 219. Let u be y(0). Let t = o - u. What is the units digit of t?
3
Let h(d) = -222*d**2 - 5*d - 6. Let b be h(-1). What is the tens digit of b*(2 - 1)*-1?
2
Let c be 40/70*(-21)/(-2). Suppose -c*r - 2040 = -12*r. Suppose 3*t - g - 317 = r, 0 = 2*t - 5*g - 451. What is the hundreds digit of t?
2
Suppose 21*t - 380475 = -0*t + 6*t. What is the ten thousands digit of t?
2
Suppose -4157*s = -4122*s - 349020. What is the hundreds digit of s?
9
Suppose 4*b - 54418 = -2*n, -4*n = n + b - 135973. What is the tens digit of n?
9
Suppose 9*m - 6*m = 3999. Suppose l - 503 = -3*g, 4*l - 2*g - m = 651. What is the units digit of l?
7
Let u(j) = -449*j + 967. What is the units digit of u(-23)?
4
Suppose -3*t - 26 = -2*m, -t - 3*m - 2 = -8. What is the tens digit of (-76)/((t/19)/3)?
2
What is the thousands digit of 1*6 - (1597116/(-60) - (-6)/10)?
6
Let r be (4/(-1))/(0/6 - 1). Suppose -91 = r*w - 523. What is the units digit of w?
8
Suppose -331*l = 244*l - 8199500. What is the thousands digit of l?
4
What is the tens digit of (-66)/(-561) + ((-3)/2 - (-3114465)/170)?
1
Suppose 4*b + 5*y = -40, y = -5*b + 3*b - 14. What is the tens digit of ((-54)/(-12))/(b*5/(-1450))?
6
Let j = 19 - 17. Suppose 0 = 4*b - j*r - 948, -4*b - 4*r + 1012 = 88. Suppose -2*f = -159 - b. What is the units digit of f?
7
Suppose 0 = 5*l + 3*z - 30, -7*z + 22 = 4*l - 5*z. What is the tens digit of l*((-2)/3 + (-494)/(-78))?
1
Suppose -4*a + 92 = 8. Let j = 21 - a. Suppose j = -9*s + 4*s + 165. What is the tens digit of s?
3
Let j = -13291 + 47095. What is the ten thousands digit of j?
3
Let d = 20911 - -22771. What is the ten thousands digit of d?
4
What is the tens digit of 3/(-5) - (376630/(-50) - -5)?
2
What is the hundreds digit of (2444/(-130))/(6/(-1845))?
7
Let b(h) = -6 + 84*h**2 + 3*h**3 + 6*h - 149*h**2 - 2*h**3 + 75*h**2 - 2. Suppose 10*m + 35 = 5*m. What is the units digit of b(m)?
7
Suppose -r + 103 = -2*k + 6*k, 0 = -r + 4*k + 111. Suppose -106*w - 1224 = -r*w. What is the hundreds digit of w?
2
Let h = 49 + -10. Let y = -33 + h. Suppose -8*m + y*m = -74. What is the tens digit of m?
3
Let j(q) = 113*q**3 + q**2 - q + 1. Let a be j(2). Let u = a - -238. What is the units digit of u?
5
Let w(j) = -j**3 + 40*j**2 + 88*j - 97. What is the tens digit of w(36)?
5
Let a be (-404)/(-34) + ((-180)/(-85) - 2). What is the tens digit of 70*(6/a + 4)?
1
Let x(g) = -g + 10. Let c be x(6). Let s be (30 - -2) + (-6)/(-2). Suppose c*y - 168 = 4*u, -5*y - 4*u + 148 = -s. What is the units digit of y?
9
Suppose -4*b = 57 - 41, 4*l = 5*b - 1240. Let o = 959 + l. What is the units digit of o?
4
Suppose b - 4*b = 393. Let m = 619 - b. What is the hundreds digit of m?
7
Let m(j) = -29716*j**3 - 3*j**2 - 77*j - 75. What is the thousands digit of m(-1)?
9
What is the hundreds digit of ((-222782)/(-28) - 8)*(-4)/(-6)?
2
Let a(h) = 106*h - 60 + 24 - 15. What is the units digit of a(9)?
3
Let r(q) = 919*q - 4061. What is the thousands digit of r(11)?
6
Let r(l) = 6*l - 25. Let v be r(15). Suppose 255*k = 260*k - v. What is the tens digit of k?
1
Suppose -181107 + 1604585 = 34*p. What is the ten thousands digit of p?
4
Let u = 14914 + 15788. What is the units digit of u?
2
Let s be ((-5)/20*-134)/(1/2). Let n = -49 + s. Suppose -n*d + 4*d = -2744. What is the tens digit of d?
9
Let t(o) = 2*o**2 + 30*o + 43. Let g(a) = 3*a**2 + 30*a + 42. Let m(n) = 4*g(n) - 5*t(n). What is the hundreds digit of m(20)?
1
What is the hundreds digit of (10 - 269995/(-30)) + (4/24)/1?
0
Let m(q) = 11*q**2 - 7*q + 15. Let v(u) = 8*u**2 - 4*u - 2. Let b be v(-3). Let s = 86 - b. What is the hundreds digit of m(s)?
1
Suppose 4*b - 3*u + 189363 = 7*b, 5*b = u + 315551. What is the units digit of b?
2
Let f(y) = 22*y**2 - 3*y - 6. Let w be f(-3). Suppose -206*o + 6675 = -w*o. What is the tens digit of o?
3
Suppose -2*y - 4*z = -360, 49 = 2*y - z - 286. Suppose 3*f - 2*f + y = 0. Let s = -97 - f. What is the tens digit of s?
7
Suppose 2*q = 4*m - 34 - 38, -24 = -m - q. What is the units digit of 1107/4 + (-55)/m + 3?
7
Suppose 0 = -3*t + 2*c - 70 + 21, 3*c + 69 = -3*t. Let d = -16 - t. What is the units digit of d?
3
Let q(i) = -1907*i**3 - 2*i - 11 - 8*i + 411*i**3. What is the hundreds digit of q(-1)?
4
Let r(z) = -7*z + 68. Let k(b) = 6*b - 67. Let s(n) = 5*k(n) + 6*r(n). Let m(o) = 6*o - 37. Let y(x) = 9*m(x) + 4*s(x). What is the units digit of y(14)?
3
Suppose -68846 + 19846 = -10*w. What is the hundreds digit of w?
9
Suppose -3*m + 10830 + 10417 = t, -2*m - 2*t = -14162. What is the hundreds digit of m?
0
Suppose 14*j - 9*j - 3200 = 0. Suppose 0*g = 8*g - j. What is the tens digit of g?
8
Let f be 15/45 - (-52)/6. Suppose 30 = r + f*r. Suppose 2 = -s + g + 32, -r*s = -g - 90. What is the units digit of s?
0
Suppose 3*l = -6, 7*i = 7*l - 3*l + 70078. What is the ten thousands digit of i?
1
Suppose -5*u + x + 6970 = 0, x - 1308 - 1487 = -2*u. Let d = 2336 - u. What is the hundreds digit of d?
9
Let a be ((-70)/(-105))/((-4)/(-726)). Suppose a = 8*i - 47. What is the tens digit of i?
2
Let w = -45109 - -79358. What is the ten thousands digit of w?
3
Let m = 5 - -6. Let l(k) = -k**3 + 10*k**2 + 11*k + 5. Let h be l(m). Suppose -3*i - 5*t = -1, t + 4 = 4*i - h. What is the units digit of i?
2
Let u be 90/(-4)*((-23)/(-3) - 9). What is the hundreds digit of 2*4821/14 - u/(-105)?
6
Suppose 4*l + 1 = 17. What is the units digit of 1*l*(-51)/(-12)?
7
Suppose 0 = -5*j + 3*r + 47, -2*j + r = 3*r - 6. Sup